ermine g(4).
-55
Let g(c) = -45*c - 586. Determine g(-13).
-1
Let x(i) = i**3 - 21*i**2 - 50*i + 13. Calculate x(23).
-79
Let s(b) = b**2 - 15*b - 23. Calculate s(15).
-23
Let c(z) = -z**2 - 11*z + 13. Calculate c(-11).
13
Let z(m) = m - 21. Calculate z(-3).
-24
Let v(u) = -u**3 - 6*u**2 - 4*u + 3. Determine v(-6).
27
Let r(w) = -18*w**2 - 9*w + 10. Calculate r(1).
-17
Let p(x) = 52*x - 1304. What is p(25)?
-4
Let j(w) = 34*w - 2. Determine j(1).
32
Let s(z) = -z**2 + 11*z + 6. Calculate s(11).
6
Let c(n) = n**3 + 15*n**2 - 14*n + 26. Give c(-16).
-6
Let h(d) = -d**3 + 9*d**2 + 38*d - 11. Give h(12).
13
Let q(a) = 38*a + 243. What is q(-6)?
15
Let b(q) = q**3 - 18*q**2 + 31*q - 1. Calculate b(2).
-3
Let l(o) = o**3 + 9*o**2 - 3*o - 19. What is l(-9)?
8
Let j(t) = 15*t + 91. What is j(-6)?
1
Let a(h) = h**2 + 18*h - 16. Determine a(-18).
-16
Let k(f) = f**3 + 19*f**2 - 21*f - 25. Calculate k(-20).
-5
Let h(c) = 3*c - 28. Determine h(10).
2
Let n(q) = 4*q - 96. Give n(21).
-12
Let u(i) = i**3 - 5*i**2 + 3*i + 2. Give u(4).
-2
Let m(o) = -2*o**2 - 2. Determine m(2).
-10
Let g(w) = -w**3 - 5*w**2 + 2*w + 3. Determine g(-5).
-7
Let q(j) = -7*j**3 - j**2 + 2*j + 2. Determine q(-1).
6
Let a(p) = 2*p + 2. Give a(-2).
-2
Let o(b) = -40*b**2 - 2*b - 1. What is o(-1)?
-39
Let f(i) = -5*i**3 + 3*i**2 + 6*i + 4. Determine f(-1).
6
Let l(y) = y**3 + 10*y**2 - 2*y - 13. What is l(-10)?
7
Let n(c) = c**3 + 5*c**2 + 7*c - 1. Determine n(-5).
-36
Let r(d) = 3*d + 1. Calculate r(-1).
-2
Let v(w) = -w**3 - 6*w**2 + 5*w - 8. What is v(-6)?
-38
Let m(f) = -f**3 + 14*f**2 + f - 13. Calculate m(14).
1
Let p(a) = -24*a - 80. Give p(-3).
-8
Let f(y) = 9*y + 287. Determine f(-33).
-10
Let b(r) = -2*r**2 + 14*r - 33. Calculate b(9).
-69
Let p(y) = -y**3 - 16*y**2 + 36*y + 19. Calculate p(-18).
19
Let q(o) = -10*o + 15. Determine q(2).
-5
Let c(f) = -f**2 + 27*f - 31. Give c(26).
-5
Let i(m) = 7*m**2 - 14. Give i(0).
-14
Let z(u) = u**2 - 14*u + 14. Give z(12).
-10
Let f(x) = x - 17. What is f(14)?
-3
Let z(h) = -3*h + 3. What is z(-9)?
30
Let d(g) = -3*g**2 + 3*g - 1. Determine d(-2).
-19
Let c(l) = -2*l - 22. Calculate c(-13).
4
Let j(s) = s - 15. Give j(5).
-10
Let x(a) = -a**3 - 47*a**2 - 46*a + 8. What is x(-46)?
8
Let k(i) = 2*i**3 + 3*i**2. Determine k(-2).
-4
Let n(f) = -2*f**2 + 7*f - 5. Give n(6).
-35
Let o(a) = 2*a**2 + 21*a + 32. What is o(-8)?
-8
Let z(l) = -2*l**2 + 88*l - 90. Give z(43).
-4
Let v(s) = 30*s**2 - 5*s + 2. Calculate v(1).
27
Let d(h) = 3*h + 5. Calculate d(0).
5
Let a(j) = 12*j**2 - j - 1. Calculate a(-1).
12
Let r(m) = -86*m + 338. What is r(4)?
-6
Let l(h) = h - 5. Give l(6).
1
Let z(k) = k**3 - 14*k**2 - 19. Give z(14).
-19
Let h(k) = 25*k + 4. Determine h(2).
54
Let h(q) = 8*q - 14. Calculate h(9).
58
Let g(j) = j - 24. Determine g(-16).
-40
Let t(v) = 146*v - 3356. Calculate t(23).
2
Let y(o) = o - 9. What is y(0)?
-9
Let g(l) = -l**2 - 9*l - 2. Calculate g(-5).
18
Let p(g) = 2*g**3 + 46*g**2 + g + 39. What is p(-23)?
16
Let k(w) = 3*w**2 - 22*w + 78. Determine k(3).
39
Let h(y) = 49*y - 738. Determine h(15).
-3
Let d(m) = 2*m. What is d(-3)?
-6
Let r(p) = -10*p - 53. What is r(-6)?
7
Let k(l) = -12*l - 132. What is k(-11)?
0
Let q(p) = p**2 + 25*p + 89. Determine q(-21).
5
Let u(m) = 19*m - 7. Determine u(-1).
-26
Let j(t) = t**3 + 8*t**2 + 2*t + 3. Calculate j(-8).
-13
Let t(m) = m**2 + 1. Determine t(-2).
5
Let x(f) = -f**3 - f**2 - f + 35. Calculate x(0).
35
Let v(y) = 390*y + 383. Calculate v(-1).
-7
Let r(j) = -10*j - 63. Give r(-7).
7
Let c(o) = 2*o**2 - 16*o + 44. Calculate c(5).
14
Let j(u) = u**3 - 2*u**2 - 9*u + 8. Determine j(4).
4
Let b(r) = r**2 + 11*r - 10. Calculate b(-15).
50
Let d(g) = g**3 + 14*g**2 - 2*g - 32. Give d(-14).
-4
Let m(h) = -4*h - 29. Determine m(-5).
-9
Let q(v) = -v**3 - v**2 - 2*v + 7. Calculate q(0).
7
Let r(y) = 3*y - 33. What is r(11)?
0
Let h(q) = -q**2 - 6*q - 5. Determine h(-6).
-5
Let n(s) = s**2 + 6*s + 8. Determine n(-5).
3
Let b(y) = -y**2 + 36*y + 32. Determine b(37).
-5
Let d(k) = -2*k - 4. Determine d(-9).
14
Let d(j) = -j - 9. Determine d(-4).
-5
Let b(p) = p**2 - 12*p - 27. Determine b(13).
-14
Let k(s) = 27*s**3 - 2*s**2 + 2*s - 1. Determine k(1).
26
Let g(p) = -26*p - 1. What is g(2)?
-53
Let m(a) = -a**3 - 3*a**2 + 5*a. Give m(-4).
-4
Let x(i) = 62*i - 129. Give x(2).
-5
Let p(d) = 2*d + 33. Give p(8).
49
Let h(u) = 4*u**2 - u. Determine h(-3).
39
Let a(l) = -3*l + 33. What is a(13)?
-6
Let v(l) = 2*l**2 - 11*l + 25. Calculate v(6).
31
Let p(d) = -71*d - 276. Calculate p(-4).
8
Let b(i) = i**3 + 11*i**2 - 13*i - 20. Calculate b(-12).
-8
Let l(s) = 8*s**2 + 40*s + 2. What is l(-5)?
2
Let a(m) = -7*m - 6. Give a(-6).
36
Let c(h) = -h**2 + 17*h + 61. Determine c(-3).
1
Let i(c) = -12*c + 25. What is i(2)?
1
Let m(t) = -t - 18. Determine m(-9).
-9
Let x(n) = -5*n + 28. Determine x(8).
-12
Let b(s) = s**3 - 17*s**2 + 30*s + 10. Give b(15).
10
Let i(m) = -m + 5. Give i(0).
5
Let o(l) = -11*l + 1. What is o(3)?
-32
Let c(o) = o**3 + 16*o**2 + 37*o + 11. What is c(-14)?
-115
Let f(x) = -2*x. Calculate f(5).
-10
Let a(i) = i**2 + 9*i + 2. Give a(-8).
-6
Let s(o) = 18*o**2 + 10*o - 2. Determine s(-4).
246
Let w(t) = -6*t - 11. Give w(-3).
7
Let n(m) = 10*m - 3. Calculate n(1).
7
Let n(g) = -g**3 - 13*g**2 + g + 22. What is n(-13)?
9
Let a(k) = 2*k - 24. Give a(7).
-10
Let w(t) = -3*t**2 + 35*t + 53. Calculate w(13).
1
Let p(b) = 18*b + 31. Determine p(-4).
-41
Let i(p) = -p**3 - 11*p**2 - 19*p - 7. What is i(-9)?
2
Let y(d) = d**3 + 4*d**2 + 3*d - 4. Determine y(-3).
-4
Let b(a) = -a**3 + 3*a**2 - 2*a + 1. Calculate b(2).
1
Let c(g) = -13*g**3 + 1. Determine c(1).
-12
Let l(s) = -26*s - 75. Determine l(-4).
29
Let d(u) = 4*u + 10. Calculate d(-11).
-34
Let y(c) = c**3 + 7*c**2 - 4. Calculate y(-7).
-4
Let b(k) = -2*k**2 + k + 42. Calculate b(0).
42
Let v(s) = s**3 - 11*s**2 - 14*s + 8. What is v(12)?
-16
Let p(g) = -2*g**2 + 10*g - 2. Calculate p(5).
-2
Let p(r) = -r**3 + 9*r**2 - 13*r + 37. What is p(8)?
-3
Let i(c) = 2*c**3 - c**2 - 2*c - 1. Calculate i(-1).
-2
Let y(n) = -2*n**2 - 3*n + 35. Determine y(-8).
-69
Let b(y) = -y**3 - 15*y**2 + 7. Give b(-15).
7
Let f(l) = -l**2 + 26*l - 181. Give f(15).
-16
Let l(f) = -f**3 - 11*f**2 + 2*f + 16. Determine l(-11).
-6
Let v(k) = k**2 + 4*k + 1. What is v(-3)?
-2
Let h(d) = 14*d - 8. Calculate h(-4).
-64
Let o(t) = -t**3 + 7*t**2 - 2*t + 9. What is o(7)?
-5
Let x(p) = -p**3 - 14*p**2 - 7*p - 13. What is x(-14)?
85
Let s(m) = m**3 - 3*m**2 - 28*m + 4. What is s(7)?
4
Let p(b) = b**3 + 7*b**2 - 17*b + 9. Calculate p(-9).
0
Let d(z) = z**3 - 25*z**2 - 263*z - 37. Determine d(33).
-4
Let z(k) = 2*k**2 + 26*k + 5. What is z(-13)?
5
Let p(m) = 2*m + 2. Give p(6).
14
Let a(y) = 96*y**2 + 1. What is a(1)?
97
Let y(v) = -3*v - 6. What is y(-11)?
27
Let s(r) = r**3 - 6*r**2 - 17*r + 6. Give s(8).
-2
Let h(n) = 2*n**3 - 19*n**2 + 9*n - 9. Give h(9).
-9
Let w(n) = -5*n + 18. Give w(3).
3
Let x(s) = -3*s + 5. What is x(-7)?
26
Let x(l) = l**2 - 10. Calculate x(-6).
26
Let a(l) = l**3 + l**2 - 13*l + 29. Give a(-5).
-6
Let z(i) = i - 7. Determine z(-7).
-14
Let q(y) = -8*y + 10. Give q(7).
-46
Let r(m) = -m**2 + 6*m + 10. Calculate r(8).
-6
Let a(n) = -n**3 + 18*n**2 + 39*n + 13. Give a(20).
-7
Let m(w) = 34*w - 106. Calculate m(3).
-4
Let w(i) = -81*i - 490. Determine w(-6).
-4
Let a(k) = -k**3 + 63*k**2 - 238*k + 116. What is a(59)?
-2
Let w(b) = -b**2 + 17*b - 76. Calculate w(10).
-6
Let z(c) = -3*c**3 - 3*c**2 - 3*c - 1. What is z(-2)?
17
Let f(x) = -20*x**3 - x**2 + 5*x + 7. Calculate f(-1).
21
Let g(n) = 8*n + 43. Calculate g(-9).
-29
Let h(u) = -16*u - 13. Calculate h(5).
-93
Let v(q) = q**3 + 8*q**2 + 2*q - 4. Calculate v(-3).
35
Let q(x) = x + 13. Determine q(-10).
3
Let p(k) = k**3 + 5*k**2 - 4*k - 7. Calculate p(-5).
13
Let r(t) = -t**2 - 4*t + 9. What is r(-11)?
-68
Let a(z) = -8*z**3 + z**2 - z - 1. What is a(-2)?
69
Let w(r) = -13*r + 1326. Calculate w(102).
0
Let u(v) = -2*v + 42. What is u(20)?
2
Let r(o) = -2*o**2 + 33*o - 6. Determine r(15).
39
Let w(h) = h**3 + 10*h**2 + 5*h + 11. Give w(-8).
99
Let l(s) = 15*s**2 - 15*s + 5. Calculate l(1).
5
Let n(z) = -9*z - 258. Give n(-31).
21
Let f(m) = 2*m**2 - 232*m - 466. Determine f(-2).
6
Let r(